{"id":2,"date":"2018-07-18T12:30:44","date_gmt":"2018-07-18T12:30:44","guid":{"rendered":"https:\/\/happyhabitz.se\/?page_id=2"},"modified":"2023-10-15T10:57:25","modified_gmt":"2023-10-15T10:57:25","slug":"sample-page","status":"publish","type":"page","link":"https:\/\/happyhabitz.se\/?page_id=2","title":{"rendered":"Kontakt"},"content":{"rendered":"<p>Mitt namn : AnnA Bernstr\u00f6m<\/p>\n<p>Jag finns i \u00c5re, Sundsvall, p\u00e5 Zoom och varhelst ni \u00f6nskar<\/p>\n<p>mobil : +46 70 682 13 99<\/p>\n<p>e-post : anna@happyhabitz.se<\/p>\n<p>&nbsp;<\/p>\n<div class=\"hestia-info info info-horizontal\">\n<div class=\"description\"><img loading=\"lazy\" decoding=\"async\" src=\"https:\/\/happyhabitz.se\/wp-content\/uploads\/2023\/03\/Insta.png\" alt=\"\" width=\"48\" height=\"49\" class=\"alignnone wp-image-634\" \/><img loading=\"lazy\" decoding=\"async\" src=\"https:\/\/happyhabitz.se\/wp-content\/uploads\/2023\/03\/Facebook.png\" alt=\"\" width=\"60\" height=\"53\" class=\"alignnone wp-image-633\" \/><\/div>\n<p><span style=\"color: #000000;\">Instagram: happyhabitz.se<\/span><br \/>\n<span style=\"color: #000000;\">Facebook: HappyHabitz<\/span><\/p>\n<\/div>\n<p>&nbsp;<\/p>\n","protected":false},"excerpt":{"rendered":"<p>Mitt namn : AnnA Bernstr\u00f6m Jag finns i \u00c5re, Sundsvall, p\u00e5 Zoom och varhelst ni \u00f6nskar mobil : +46 70 682 13 99 e-post : anna@happyhabitz.se &nbsp; Instagram: happyhabitz.se Facebook: HappyHabitz &nbsp;<\/p>\n","protected":false},"author":1,"featured_media":469,"parent":0,"menu_order":6,"comment_status":"closed","ping_status":"closed","template":"page-templates\/template-fullwidth.php","meta":{"footnotes":""},"class_list":["post-2","page","type-page","status-publish","has-post-thumbnail","hentry"],"_links":{"self":[{"href":"https:\/\/happyhabitz.se\/index.php?rest_route=\/wp\/v2\/pages\/2","targetHints":{"allow":["GET"]}}],"collection":[{"href":"https:\/\/happyhabitz.se\/index.php?rest_route=\/wp\/v2\/pages"}],"about":[{"href":"https:\/\/happyhabitz.se\/index.php?rest_route=\/wp\/v2\/types\/page"}],"author":[{"embeddable":true,"href":"https:\/\/happyhabitz.se\/index.php?rest_route=\/wp\/v2\/users\/1"}],"replies":[{"embeddable":true,"href":"https:\/\/happyhabitz.se\/index.php?rest_route=%2Fwp%2Fv2%2Fcomments&post=2"}],"version-history":[{"count":16,"href":"https:\/\/happyhabitz.se\/index.php?rest_route=\/wp\/v2\/pages\/2\/revisions"}],"predecessor-version":[{"id":655,"href":"https:\/\/happyhabitz.se\/index.php?rest_route=\/wp\/v2\/pages\/2\/revisions\/655"}],"wp:featuredmedia":[{"embeddable":true,"href":"https:\/\/happyhabitz.se\/index.php?rest_route=\/wp\/v2\/media\/469"}],"wp:attachment":[{"href":"https:\/\/happyhabitz.se\/index.php?rest_route=%2Fwp%2Fv2%2Fmedia&parent=2"}],"curies":[{"name":"wp","href":"https:\/\/api.w.org\/{rel}","templated":true}]}}